
279
In base 3, what is -2 + 221202?
221200
In base 12, what is 10 + 51?
61
In base 11, what is 5 - -73?
78
In base 2, what is 10101010 + -1000?
10100010
In base 12, what is 5 + 22?
27
In base 7, what is -33253 + -1?
-33254
In base 6, what is 3 - 12?
-5
In base 10, what is 0 + -401?
-401
In base 5, what is 2413022 - 10?
2413012
In base 2, what is -10001101010 + 101?
-10001100101
In base 5, what is -2100 - 24?
-2124
In base 6, what is -102 + 3?
-55
In base 16, what is -2d5a + 2?
-2d58
In base 15, what is -102 - -9?
-e8
In base 7, what is 415 + -54?
331
In base 10, what is -168 + -11?
-179
In base 6, what is 4 - -1210?
1214
In base 8, what is 14 + 7?
23
In base 16, what is f - -1a?
29
In base 8, what is -1007 - 4?
-1013
In base 8, what is 37 + -23?
14
In base 10, what is -2179 - 5?
-2184
In base 14, what is -4 - 1c3?
-1c7
In base 9, what is 0 + 205?
205
In base 5, what is 3412 - 2?
3410
In base 2, what is 110 + 11000?
11110
In base 8, what is 4 - -424?
430
In base 16, what is 2 + 4d?
4f
In base 14, what is 31 - 4?
2b
In base 7, what is -2 + -10264?
-10266
In base 12, what is -b67 - -4?
-b63
In base 13, what is -6 + 9?
3
In base 3, what is -221222 - 21?
-222020
In base 6, what is 1323 - 4?
1315
In base 9, what is -8414 - -5?
-8408
In base 13, what is -2 - -1?
-1
In base 9, what is -453 + -3?
-456
In base 5, what is -103 - -213?
110
In base 5, what is 30 + -10?
20
In base 13, what is 1b8 - -1?
1b9
In base 8, what is -5701 + -3?
-5704
In base 4, what is 10 - 320?
-310
In base 15, what is -93 - 5?
-98
In base 14, what is 171 - 0?
171
In base 8, what is 35 - 405?
-350
In base 2, what is 10010110101 - -1?
10010110110
In base 3, what is 10220 + -1001?
2212
In base 10, what is 2698 + 3?
2701
In base 13, what is 441 + -7?
437
In base 4, what is -3 + 231?
222
In base 16, what is -4 + 1ba?
1b6
In base 3, what is 111 + -11?
100
In base 3, what is 21102 - -1?
21110
In base 4, what is -20323 + 22?
-20301
In base 5, what is -12 + -341?
-403
In base 8, what is -5704 - 5?
-5711
In base 6, what is 22 + -13?
5
In base 2, what is 100001 + -10?
11111
In base 8, what is 3130 + 0?
3130
In base 4, what is 10 - 1100?
-1030
In base 8, what is -1212 - -2?
-1210
In base 8, what is -767 + 13?
-754
In base 11, what is -a + 164?
155
In base 2, what is -11010110110110 - 1?
-11010110110111
In base 6, what is 1351 + 1?
1352
In base 7, what is -115 + -35?
-153
In base 15, what is 5 + 9ad?
9b3
In base 14, what is -2 + -3c7?
-3c9
In base 16, what is 8 - af?
-a7
In base 10, what is 25 - 2?
23
In base 11, what is 3554 + 1?
3555
In base 10, what is -57 - -13?
-44
In base 2, what is -101011110 + 0?
-101011110
In base 11, what is 382 + -1?
381
In base 8, what is 165 - -4?
171
In base 12, what is 9 - a90?
-a83
In base 7, what is 5 + 103?
111
In base 4, what is 33 - 1?
32
In base 13, what is -195c + 5?
-1957
In base 13, what is -72 + -8?
-7a
In base 5, what is -2 - -1233?
1231
In base 2, what is 101000100 + 10?
101000110
In base 5, what is -2 + -221?
-223
In base 10, what is -37 - 50?
-87
In base 3, what is 21 + -2021?
-2000
In base 12, what is 22 - 1?
21
In base 13, what is -2 + 383?
381
In base 4, what is 1031 - -113?
1210
In base 14, what is -48 + 3b?
-b
In base 6, what is -2 - 201?
-203
In base 6, what is 1411 + -5?
1402
In base 6, what is 224 + -12?
212
In base 2, what is -1000111 - 10110111?
-11111110
In base 6, what is 0 - -122?
122
In base 3, what is -11 + 1202?
1121
In base 9, what is -12 - 35?
-47
In base 12, what is -2 + -85?
-87
In base 4, what is 1130 + -1333?
-203
In base 2, what is -100 - 1100001?
-1100101
In base 5, what is -1321 - 103?
-1424
In base 10, what is 51 + -3?
48
In base 10, what is -10 - -6?
-4
In base 3, what is 1 - 211?
-210
In base 12, what is -16 - 2b?
-45
In base 3, what is -10 + -211210?
-211220
In base 4, what is 0 + 3003?
3003
In base 6, what is 140 - -225?
405
In base 14, what is -11b - -4?
-117
In base 11, what is 3 - -754?
757
In base 8, what is -563 - 1?
-564
In base 6, what is -42 - 54?
-140
In base 2, what is 101 + -11011?
-10110
In base 2, what is 10 + -100000001?
-11111111
In base 12, what is 49 + 179?
206
In base 8, what is 25 - -16?
43
In base 2, what is -10001011010001 + 101?
-10001011001100
In base 8, what is -652 - 4?
-656
In base 6, what is 2 - 211?
-205
In base 2, what is -10101 - -100000101?
11110000
In base 12, what is 4 - 0?
4
In base 5, what is 1300 + 1?
1301
In base 12, what is 136 - -5?
13b
In base 8, what is 2 - 126?
-124
In base 12, what is 2 - -16?
18
In base 7, what is -163 - -5?
-155
In base 12, what is 5 + 42?
47
In base 7, what is -15 - -32?
14
In base 9, what is 33 + 125?
158
In base 14, what is -193b - 4?
-1941
In base 14, what is -4 + -1b2?
-1b6
In base 8, what is -71 + 3?
-66
In base 8, what is 112 - 0?
112
In base 3, what is 110 - -21000?
21110
In base 14, what is -62 - 0?
-62
In base 7, what is 5 + -304?
-266
In base 11, what is -5 - 561?
-566
In base 10, what is -1 - -14?
13
In base 12, what is -8277 + -5?
-8280
In base 11, what is -44 + a?
-35
In base 6, what is -15 - -1133?
1114
In base 10, what is 5 + -134?
-129
In base 16, what is -2658 + -1?
-2659
In base 16, what is 379 + 0?
379
In base 5, what is -4 - -422?
413
In base 9, what is 1223 - 5?
1217
In base 12, what is -20 - 109?
-129
In base 6, what is 20 - 141?
-121
In base 14, what is 11 + -152?
-141
In base 11, what is -41a4 - -4?
-41a0
In base 16, what is 3 + -123d?
-123a
In base 2, what is 100010010 + 100?
100010110
In base 6, what is -14 + -101?
-115
In base 9, what is -1063 - 1?
-1064
In base 10, what is -132 + 2?
-130
In base 7, what is -5435 + 3?
-5432
In base 10, what is 23 + 414?
437
In base 15, what is 11b + 7?
123
In base 9, what is 321 - 12?
308
In base 12, what is -21 - 15?
-36
In base 7, what is 101326 - -1?
101330
In base 7, what is -1 - -26?
25
In base 4, what is 21120 - -11?
21131
In base 4, what is -21 + 131?
110
In base 4, what is -311 - -23?
-222
In base 2, what is 1001 - 11110110?
-11101101
In base 4, what is -11 + -201233?
-201310
In base 12, what is -62 + 3?
-5b
In base 8, what is 4 - -43?
47
In base 6, what is -4 + -113001?
-113005
In base 9, what is -2 - -104?
102
In base 6, what is 4 + 135?
143
In base 7, what is -1240 - 5?
-1245
In base 16, what is -2 - 33?
-35
In base 11, what is -2a + 12?
-18
In base 12, what is -2 + -3?
-5
In base 6, what is 4 - -50?
54
In base 16, what is -2 + -8cc?
-8ce
In base 9, what is 5 + 484?
500
In base 9, what is 6 + -287?
-281
In base 3, what is -11010 + -11?
-11021
In base 13, what is -a6 - 1?
-a7
In base 15, what is 1 - -266?
267
In base 8, what is -305 - -6?
-277
In base 12, what is -118 - -2?
-116
In base 14, what is 487 + 7?
490
In base 10, what is 1472 + 1?
1473
In base 12, what is 71 + -13?
5a
In base 11, what is -1154 - 0?
-1154
In base 9, what is 0 - -176?
176
In base 12, what is -18 + 5?
-13
In base 16, what is 6 + -8?
-2
In base 16, what is -4 - f?
-13
In base 2, what is -101 - -10110001?
10101100
In base 10, what is 11 + 14?
25
In base 6, what is -452010 - 3?
-452013
In base 12, what is -b6 - 24?
-11a
In base 5, what is -4 + -131244?
-131303
In base 3, what is 1022012 + -1021?
1020221
In base 15, what is -9c7 - 5?
-9cc
In base 3, what is 2 - 211211?
-211202
In base 11, what is -8 - 31?
-39
In base 10, what is 64 + 4?
68
In base 5, what is -1 + 41?
40
In base 3, what is 2201102 - -1?
2201110
In base 8, what is 1 - 215?
-214
In base 10, what is -57 - -22?
-35
In base 8, what is 5 - -77?
104
In base 2, what is 0 + 101111?
101111
In base 15, what is -5 + -82e?
-834
In base 15, what is 4 + -5?
-1
In base 12, what is 591 - 2?
58b
In base 12, what is -4 + -142?
-146
In base 12, what is 66 + 10?
76
In base 10, what is 0 + 69?
69
In base 5, what is 12 - 1341?
-1324
In base 7, what is -40 + -1?
-41
In base 6, what is 24415 - -2?
24421
In base 5, what is 12 - 40044?
-40032
In base 3, what is 10 - -11021101?
11021111
In base 14, what is -7d - -8?
-75
In base 7, what is -43 + 11?
-32
In base 4, what is 10300 - 12?
10222
In base 3, what is -10111210 + 1?
-10111202
In base 5, what is 13042 - -4?
13101
In base 4, what is -310 - 13?
-323
In base 2, what is -1000100100001011 - -1?
-1000100100001010
In base 10, what is 105 - 9?
96
In base 11, what is -48 - -7?
-41
In base 14, what is a0 - 2?
9c
In base 5, what